156344753?
53
Calculate the highest common divisor of 3730 and 109470.
10
What is the highest common divisor of 54874768 and 11024?
208
Calculate the greatest common divisor of 2215 and 73939358.
443
Calculate the highest common factor of 1407390 and 943715.
5455
Calculate the greatest common factor of 16006 and 236698.
106
Calculate the highest common divisor of 118620 and 11220.
60
Calculate the greatest common divisor of 138 and 430874571.
69
Calculate the highest common factor of 1647303 and 1833.
141
What is the highest common divisor of 1905650 and 350?
50
What is the greatest common factor of 168 and 85677186?
42
What is the greatest common divisor of 871 and 215040319?
871
Calculate the highest common factor of 29535 and 144453.
537
Calculate the greatest common factor of 72 and 243182384.
8
What is the highest common divisor of 48735 and 239343?
1083
What is the highest common factor of 36000796 and 5083?
299
Calculate the highest common factor of 10159362 and 252.
18
Calculate the greatest common divisor of 388802027 and 274.
137
Calculate the greatest common divisor of 6692 and 70544.
4
What is the greatest common divisor of 35890 and 2553?
37
Calculate the greatest common divisor of 78023 and 8048546.
451
What is the greatest common divisor of 782 and 9058858?
34
What is the greatest common factor of 3 and 21865970?
1
Calculate the greatest common divisor of 77220 and 72685470.
4290
What is the highest common divisor of 568 and 31249088?
568
Calculate the highest common factor of 2065 and 387779.
7
What is the greatest common factor of 7218387 and 209?
11
What is the greatest common divisor of 4530 and 1124648?
302
Calculate the greatest common factor of 1944756 and 29592.
108
Calculate the greatest common divisor of 92 and 8805090.
46
What is the highest common factor of 1728 and 54084?
12
Calculate the greatest common divisor of 15712216 and 9724.
884
Calculate the greatest common divisor of 21 and 307150809.
21
What is the highest common divisor of 669408 and 55024?
304
What is the greatest common factor of 53 and 66258586?
53
Calculate the greatest common divisor of 342768 and 7680.
48
Calculate the highest common factor of 607614 and 2688.
42
What is the highest common divisor of 368082 and 1348113?
507
Calculate the highest common factor of 52309185 and 206625.
8265
Calculate the greatest common factor of 6274192 and 908716.
5788
Calculate the highest common divisor of 7823474 and 42.
2
Calculate the greatest common factor of 61 and 23989.
1
Calculate the highest common divisor of 312890 and 5035.
5
What is the highest common divisor of 55 and 504495035?
55
What is the greatest common divisor of 18262156 and 110?
22
What is the greatest common factor of 231068 and 75884?
244
What is the highest common factor of 30 and 14847486?
6
Calculate the highest common factor of 45 and 143205.
15
What is the greatest common factor of 1771 and 1382668?
161
Calculate the highest common factor of 7141916 and 7456.
932
What is the highest common divisor of 130749 and 42681?
123
What is the highest common divisor of 217 and 3532853?
31
Calculate the highest common divisor of 67791 and 4629789.
177
What is the greatest common divisor of 41584 and 244984?
904
What is the greatest common factor of 23376070 and 10?
10
What is the highest common factor of 254 and 600599002?
254
What is the greatest common divisor of 2838 and 25374945?
129
Calculate the greatest common divisor of 22249404 and 90558.
6966
What is the greatest common divisor of 17812387 and 334?
167
Calculate the greatest common divisor of 85 and 3023127.
17
Calculate the highest common divisor of 286886760 and 120.
120
Calculate the highest common factor of 4148 and 26639.
17
What is the greatest common divisor of 74096 and 7326?
22
Calculate the highest common divisor of 150684 and 1315887.
1299
What is the greatest common divisor of 1818509 and 24871?
1463
Calculate the highest common divisor of 5314206 and 183210.
186
What is the highest common factor of 26 and 2125032?
26
Calculate the greatest common divisor of 355886466 and 6018.
6018
What is the highest common factor of 4265088 and 24128?
1856
Calculate the highest common divisor of 81836267 and 14319.
1591
What is the highest common divisor of 3686612 and 42481?
1847
Calculate the highest common divisor of 12706 and 202.
2
What is the greatest common divisor of 130934 and 1394?
34
What is the highest common factor of 174656 and 1105245?
2729
What is the greatest common factor of 655 and 807353?
131
What is the greatest common divisor of 567 and 64211211?
81
What is the greatest common divisor of 819 and 49259?
7
What is the greatest common divisor of 508799000 and 500?
500
What is the greatest common divisor of 290668360 and 440?
40
What is the greatest common factor of 13503 and 1263183145?
4501
What is the highest common factor of 29469 and 22297?
11
What is the highest common divisor of 889985 and 1259895?
355
What is the greatest common divisor of 11130147 and 291879?
2583
Calculate the highest common divisor of 40097786 and 329130.
2438
What is the greatest common divisor of 8 and 30470768?
8
Calculate the highest common factor of 420 and 141785700.
420
What is the greatest common factor of 179352 and 28?
4
Calculate the greatest common factor of 388714 and 4208.
526
Calculate the highest common factor of 4641 and 89031397.
1547
What is the highest common factor of 241570400 and 3550?
3550
Calculate the highest common factor of 79866 and 120321.
261
Calculate the greatest common divisor of 182038045 and 465.
155
Calculate the highest common divisor of 5238666 and 18.
18
What is the greatest common divisor of 7586334 and 9?
9
What is the greatest common divisor of 740658880 and 4160?
4160
Calculate the greatest common factor of 279 and 694369.
31
Calculate the greatest common divisor of 65706 and 162867.
699
What is the highest common factor of 1089 and 932203965?
363
Calculate the greatest common divisor of 2852883 and 9603.
99
Calculate the highest common divisor of 4763673 and 10980.
549
What is the highest common divisor of 75988046 and 2686?
158
Calculate the greatest common divisor of 1590480 and 19440.
720
Calculate the highest common factor of 1384 and 67221572.
692
What is the greatest common divisor of 17760 and 1113180?
60
What is the greatest common factor of 205902 and 810?
162
Calculate the greatest common factor of 94 and 18561663.
47
What is the highest common factor of 303314850 and 3570?
510
Calculate the greatest common factor of 309255 and 84270.
795
What is the highest common factor of 6903854 and 856?
214
What is the greatest common factor of 22 and 103648798?
22
Calculate the highest common factor of 115438 and 2026.
2
Calculate the highest common factor of 16013 and 233025.
239
What is the highest common divisor of 267 and 136712010?
267
Calculate the highest common factor of 151566049 and 4535.
907
What is the highest common factor of 4900 and 3065650?
350
What is the greatest common divisor of 1014 and 702247390?
338
Calculate the greatest common divisor of 33832968 and 4056.
312
What is the greatest common factor of 39320 and 47483815?
4915
What is the greatest common factor of 14291 and 15475309?
461
What is the highest common divisor of 6 and 1106402?
2
Calculate the highest common factor of 195066 and 3744.
18
What is the greatest common divisor of 3968 and 213962?
62
Calculate the greatest common divisor of 9501810 and 3720.
930
Calculate the highest common factor of 12 and 625921876.
4
What is the highest common divisor of 24 and 19620072?
24
What is the highest common divisor of 565 and 9182945?
565
Calculate the greatest common factor of 720111 and 14818888.
4529
Calculate the highest common divisor of 39 and 4126083.
39
Calculate the greatest common factor of 9888 and 5233376.
32
Calculate the highest common divisor of 59039 and 427003.
1373
What is the highest common factor of 19086669 and 1059921?
8091
What is the highest common factor of 459033176 and 7952?
3976
What is the highest common divisor of 261646 and 110?
22
Calculate the highest common factor of 2040 and 5371620.
60
Calculate the greatest common divisor of 108 and 2824596.
36
Calculate the highest common factor of 20